24 is divided by 82?
60
Calculate the remainder when 1181 is divided by 91.
89
What is the remainder when 16 is divided by 11?
5
What is the remainder when 224 is divided by 19?
15
What is the remainder when 359 is divided by 8?
7
What is the remainder when 306 is divided by 37?
10
What is the remainder when 213 is divided by 104?
5
What is the remainder when 7008 is divided by 219?
0
Calculate the remainder when 149 is divided by 133.
16
What is the remainder when 192 is divided by 6?
0
Calculate the remainder when 3289 is divided by 298.
11
Calculate the remainder when 51 is divided by 15.
6
Calculate the remainder when 3093 is divided by 86.
83
What is the remainder when 250 is divided by 48?
10
Calculate the remainder when 1683 is divided by 222.
129
Calculate the remainder when 276 is divided by 70.
66
What is the remainder when 297 is divided by 30?
27
Calculate the remainder when 408 is divided by 104.
96
What is the remainder when 114 is divided by 30?
24
What is the remainder when 589 is divided by 9?
4
Calculate the remainder when 78 is divided by 16.
14
Calculate the remainder when 130 is divided by 22.
20
What is the remainder when 2532 is divided by 15?
12
Calculate the remainder when 286 is divided by 96.
94
What is the remainder when 23709 is divided by 52?
49
What is the remainder when 105 is divided by 14?
7
Calculate the remainder when 884 is divided by 75.
59
Calculate the remainder when 1382 is divided by 460.
2
Calculate the remainder when 227 is divided by 115.
112
Calculate the remainder when 412 is divided by 26.
22
What is the remainder when 12 is divided by 7?
5
What is the remainder when 1052 is divided by 186?
122
Calculate the remainder when 716 is divided by 182.
170
What is the remainder when 72 is divided by 32?
8
Calculate the remainder when 2953 is divided by 56.
41
Calculate the remainder when 271 is divided by 21.
19
What is the remainder when 925 is divided by 820?
105
Calculate the remainder when 20 is divided by 1.
0
What is the remainder when 96 is divided by 20?
16
What is the remainder when 85 is divided by 5?
0
What is the remainder when 83 is divided by 6?
5
What is the remainder when 890 is divided by 64?
58
What is the remainder when 968 is divided by 39?
32
What is the remainder when 335 is divided by 160?
15
What is the remainder when 882 is divided by 26?
24
Calculate the remainder when 4706 is divided by 783.
8
Calculate the remainder when 359 is divided by 18.
17
Calculate the remainder when 467 is divided by 47.
44
What is the remainder when 29137 is divided by 94?
91
What is the remainder when 515 is divided by 37?
34
Calculate the remainder when 720 is divided by 14.
6
Calculate the remainder when 21305 is divided by 134.
133
Calculate the remainder when 229 is divided by 24.
13
Calculate the remainder when 332 is divided by 13.
7
Calculate the remainder when 591 is divided by 181.
48
Calculate the remainder when 60 is divided by 11.
5
What is the remainder when 143 is divided by 18?
17
Calculate the remainder when 430 is divided by 179.
72
Calculate the remainder when 881 is divided by 18.
17
Calculate the remainder when 343 is divided by 23.
21
Calculate the remainder when 2386 is divided by 19.
11
Calculate the remainder when 740 is divided by 14.
12
Calculate the remainder when 280 is divided by 43.
22
Calculate the remainder when 1006 is divided by 136.
54
What is the remainder when 2006 is divided by 14?
4
Calculate the remainder when 1743 is divided by 50.
43
What is the remainder when 891 is divided by 150?
141
What is the remainder when 65 is divided by 10?
5
Calculate the remainder when 224 is divided by 58.
50
Calculate the remainder when 100817 is divided by 41.
39
What is the remainder when 986 is divided by 190?
36
What is the remainder when 11085 is divided by 88?
85
What is the remainder when 35 is divided by 12?
11
Calculate the remainder when 278 is divided by 47.
43
Calculate the remainder when 562 is divided by 94.
92
Calculate the remainder when 243 is divided by 19.
15
Calculate the remainder when 7938 is divided by 38.
34
Calculate the remainder when 662 is divided by 37.
33
Calculate the remainder when 469 is divided by 152.
13
What is the remainder when 205 is divided by 63?
16
What is the remainder when 112 is divided by 42?
28
What is the remainder when 92 is divided by 40?
12
Calculate the remainder when 195 is divided by 188.
7
Calculate the remainder when 516 is divided by 63.
12
What is the remainder when 329 is divided by 55?
54
What is the remainder when 6291 is divided by 44?
43
Calculate the remainder when 148 is divided by 45.
13
What is the remainder when 1154 is divided by 230?
4
Calculate the remainder when 125 is divided by 62.
1
What is the remainder when 4688 is divided by 1559?
11
Calculate the remainder when 40 is divided by 19.
2
Calculate the remainder when 1173 is divided by 374.
51
Calculate the remainder when 380 is divided by 75.
5
What is the remainder when 2786 is divided by 4?
2
What is the remainder when 2876 is divided by 96?
92
Calculate the remainder when 6644 is divided by 265.
19
What is the remainder when 2199 is divided by 129?
6
What is the remainder when 202 is divided by 82?
38
Calculate the remainder when 191 is divided by 64.
63
Calculate the remainder when 5857 is divided by 5.
2
Calculate the remainder when 1109 is divided by 357.
38
What is the remainder when 1531 is divided by 140?
131
What is the remainder when 9455 is divided by 175?
5
Calculate the remainder when 26 is divided by 24.
2
What is the remainder when 159 is divided by 25?
9
What is the remainder when 283 is divided by 27?
13
What is the remainder when 1487 is divided by 68?
59
What is the remainder when 99 is divided by 17?
14
What is the remainder when 1397 is divided by 8?
5
Calculate the remainder when 3396 is divided by 170.
166
What is the remainder when 428 is divided by 31?
25
What is the remainder when 57 is divided by 38?
19
What is the remainder when 136 is divided by 15?
1
What is the remainder when 7713 is divided by 17?
12
Calculate the remainder when 164 is divided by 34.
28
Calculate the remainder when 84 is divided by 23.
15
Calculate the remainder when 378 is divided by 63.
0
What is the remainder when 3023 is divided by 56?
55
Calculate the remainder when 396 is divided by 16.
12
What is the remainder when 3687 is divided by 1227?
6
Calculate the remainder when 2715 is divided by 19.
17
Calculate the remainder when 244 is divided by 19.
16
What is the remainder when 9715 is divided by 41?
39
Calculate the remainder when 9341 is divided by 54.
53
Calculate the remainder when 706 is divided by 259.
188
What is the remainder when 115 is divided by 13?
11
What is the remainder when 3847 is divided by 22?
19
Calculate the remainder when 361 is divided by 91.
88
What is the remainder when 3743 is divided by 57?
38
Calculate the remainder when 316 is divided by 312.
4
Calculate the remainder when 1227 is divided by 15.
12
What is the remainder when 670 is divided by 8?
6
Calculate the remainder when 151 is divided by 39.
34
What is the remainder when 647 is divided by 172?
131
What is the remainder when 1352 is divided by 41?
40
What is the remainder when 990 is divided by 248?
246
Calculate the remainder when 269 is divided by 38.
3
Calculate the remainder when 69 is divided by 14.
13
What is the remainder when 16 is divided by 5?
1
Calculate the remainder when 479 is divided by 32.
31
Calculate the remainder when 164 is divided by 25.
14
Calculate the remainder when 373 is divided by 65.
48
What is the remainder when 182 is divided by 96?
86
Calculate the remainder when 342 is divided by 46.
20
Calculate the remainder when 103 is divided by 42.
19
Calculate the remainder when 887 is divided by 102.
71
What is the remainder when 251 is divided by 21?
20
Calculate the remainder when 349 is divided by 89.
82
What is the remainder when 15558 is divided by 21?
18
Calculate the remainder when 55 is divided by 32.
23
Calculate the remainder when 360 is divided by 122.
116
What is the remainder when 121 is divided by 51?
19
What is the remainder when 2095 is divided by 60?
55
Calculate the remainder when 2912 is divided by 54.
50
Calculate the rem